{"id":1741,"date":"2021-09-07T22:16:00","date_gmt":"2021-09-07T20:16:00","guid":{"rendered":"https:\/\/besi.hu\/?page_id=1741"},"modified":"2021-10-20T21:56:31","modified_gmt":"2021-10-20T19:56:31","slug":"ismet-egy-kozossegi-terrel-gazdagodtunk","status":"publish","type":"page","link":"https:\/\/besi.hu\/?page_id=1741","title":{"rendered":"Ism\u00e9t egy k\u00f6z\u00f6ss\u00e9gi t\u00e9rrel gazdagodtunk"},"content":{"rendered":"<p style=\"text-align: right;\"><i><span style=\"font-weight: 400;\">\u201eAz iskola az \u00e9letre nevel\u201d \u2013 mondj\u00e1k, \u00e9s ahogyan a <br \/>feh\u00e9r sz\u00edn legjobban a fekete h\u00e1tt\u00e9r el\u0151tt \u00e9rv\u00e9nyes\u00fcl,<br \/>\u00e9s ami\u00e9rt az \u00e9jszak\u00e1ra sz\u00fcks\u00e9g\u00fcnk van ahhoz, hogy<br \/>gy\u00f6ny\u00f6rk\u00f6dhess\u00fcnk a napfelkelt\u00e9ben, ugyan\u00fagy<br \/>sz\u00fcks\u00e9g van a tan\u00f3r\u00e1kra ahhoz, hogy az iskola<br \/>val\u00f3di \u00e9rtelme, a sz\u00fcnet, megmutatkozhasson.<\/span><\/i><span style=\"font-weight: 400;\">\u00a0<br \/><\/span><i><span style=\"font-weight: 400;\">(Dr. Gyurk\u00f3 Szilvia)<\/span><\/i><\/p>\n<p><span style=\"font-weight: 400;\">A fiatalok sz\u00e1m\u00e1ra az iskola az els\u0151dleges hely a bar\u00e1tkoz\u00e1sra. A padokon, a folyos\u00f3kon, az udvar sark\u00e1ban folytatott besz\u00e9lget\u00e9sek az \u00e9let nagy dolgair\u00f3l vagy a h\u00e9tk\u00f6znapi semmis\u00e9gekr\u0151l elk\u00e9peszt\u0151en fontosak, \u00e9s seg\u00edtik a gyerekeket abban, hogy a t\u00e1rsas k\u00e9pess\u00e9geik meger\u0151s\u00f6djenek, melyek a mi pedag\u00f3giai rendszer\u00fcnk \u00e9s felfog\u00e1sunk szerint pozit\u00edv hat\u00e1st gyakorolnak a tanul\u00e1si k\u00e9pess\u00e9geikre is.<\/span><\/p>\n\n\n<div class=\"wp-block-columns is-layout-flex wp-container-core-columns-is-layout-9d6595d7 wp-block-columns-is-layout-flex\">\n<div class=\"wp-block-column is-layout-flow wp-block-column-is-layout-flow\" style=\"flex-basis:100%\">\n<div class=\"wp-block-group\"><div class=\"wp-block-group__inner-container is-layout-flow wp-block-group-is-layout-flow\">\n<div class=\"wp-block-group\"><div class=\"wp-block-group__inner-container is-layout-flow wp-block-group-is-layout-flow\"><\/div><\/div>\n<\/div><\/div>\n<\/div>\n<\/div>\n\n\n\n<div class=\"wp-block-columns is-layout-flex wp-container-core-columns-is-layout-9d6595d7 wp-block-columns-is-layout-flex\">\n<div class=\"wp-block-column is-layout-flow wp-block-column-is-layout-flow\" style=\"flex-basis:33.33%\">\n<figure class=\"wp-block-image size-large\"><img loading=\"lazy\" decoding=\"async\" width=\"549\" height=\"1024\" src=\"https:\/\/besi.hu\/wp-content\/uploads\/2021\/10\/tanulok-549x1024.png\" alt=\"\" class=\"wp-image-2147\" srcset=\"https:\/\/besi.hu\/wp-content\/uploads\/2021\/10\/tanulok-549x1024.png 549w, https:\/\/besi.hu\/wp-content\/uploads\/2021\/10\/tanulok-161x300.png 161w, https:\/\/besi.hu\/wp-content\/uploads\/2021\/10\/tanulok-768x1434.png 768w, https:\/\/besi.hu\/wp-content\/uploads\/2021\/10\/tanulok-823x1536.png 823w, https:\/\/besi.hu\/wp-content\/uploads\/2021\/10\/tanulok-107x200.png 107w, https:\/\/besi.hu\/wp-content\/uploads\/2021\/10\/tanulok.png 960w\" sizes=\"auto, (max-width: 549px) 100vw, 549px\" \/><\/figure>\n<\/div>\n\n\n\n<div class=\"wp-block-column is-layout-flow wp-block-column-is-layout-flow\" style=\"flex-basis:66.66%\">\n<figure class=\"wp-block-gallery columns-1 is-cropped wp-block-gallery-1 is-layout-flex wp-block-gallery-is-layout-flex\"><ul class=\"blocks-gallery-grid\"><li class=\"blocks-gallery-item\"><figure><img loading=\"lazy\" decoding=\"async\" width=\"512\" height=\"288\" src=\"https:\/\/besi.hu\/wp-content\/uploads\/2021\/10\/unnamed-14.jpg\" alt=\"\" data-id=\"2150\" data-full-url=\"https:\/\/besi.hu\/wp-content\/uploads\/2021\/10\/unnamed-14.jpg\" data-link=\"https:\/\/besi.hu\/?attachment_id=2150\" class=\"wp-image-2150\" srcset=\"https:\/\/besi.hu\/wp-content\/uploads\/2021\/10\/unnamed-14.jpg 512w, https:\/\/besi.hu\/wp-content\/uploads\/2021\/10\/unnamed-14-300x169.jpg 300w, https:\/\/besi.hu\/wp-content\/uploads\/2021\/10\/unnamed-14-356x200.jpg 356w\" sizes=\"auto, (max-width: 512px) 100vw, 512px\" \/><\/figure><\/li><\/ul><\/figure>\n<\/div>\n<\/div>\n\n\n<p><span style=\"font-weight: 400;\">edag\u00f3giai okai is vannak teh\u00e1t annak, hogy bar\u00e1ts\u00e1gos, befogad\u00f3, az alkot\u00f3 munk\u00e1t, az egy\u00fcttm\u0171k\u00f6d\u00e9st t\u00e1mogat\u00f3, inspir\u00e1l\u00f3, kreat\u00edv iskolai k\u00f6rnyezetben szeretn\u00e9nk v\u00e9gezni a munk\u00e1nkat. Ezt a c\u00e9lt szolg\u00e1lja a kor\u00e1bban l\u00e9trehozott k\u00f6nyvt\u00e1ri olvas\u00f3terem, az aul\u00e1ban \u00e9s a folyos\u00f3kon elhelyezett b\u00fatorok, \u00e9s ezt fogja szolg\u00e1lni az alap\u00edtv\u00e1nyunk \u00e1ltal finansz\u00edrozott szabadid\u0151s, k\u00f6z\u00f6ss\u00e9gi \u00e9s oktat\u00e1si tev\u00e9kenys\u00e9gre is alkalmas sz\u00e1z f\u0151s befogad\u00f3 k\u00e9pess\u00e9g\u0171 udvari filag\u00f3ria is.\u00a0<\/span><\/p>\n<p>\u00a0<\/p>\n<p><span style=\"font-weight: 400;\">A tanul\u00f3k oldal\u00e1r\u00f3l m\u00e1r r\u00e9gen ig\u00e9nyk\u00e9nt mer\u00fclt fel egy olyan k\u00f6z\u00f6ss\u00e9gi t\u00e9r l\u00e9trehoz\u00e1sa, mely a tan\u00edt\u00e1si sz\u00fcnetekben, a lyukas\u00f3ra sor\u00e1n, az iskol\u00e1ba t\u00f6rt\u00e9n\u0151 \u00e9rkez\u00e9s \u00e9s t\u00e1voz\u00e1s id\u0151szak\u00e1ban biztos\u00edtan\u00e1 a nyugodt, kultur\u00e1lt t\u00e1rsalg\u00e1s, az \u00f3r\u00e1kra t\u00f6rt\u00e9n\u0151 k\u00e9sz\u00fcl\u00e9s, az egym\u00e1snak t\u00f6rt\u00e9n\u0151 seg\u00edt\u00e9s lehet\u0151s\u00e9g\u00e9t. A Bessenyei Gy\u00f6rgy Gimn\u00e1zium Alap\u00edtv\u00e1ny \u00e9s a Kisv\u00e1rdai Tanker\u00fcleti K\u00f6zpont ebb\u0151l a c\u00e9lb\u00f3l egy modern b\u00fcf\u00e9 kialak\u00edt\u00e1s\u00e1t hat\u00e1rozta el, mely a f\u0151\u00e9p\u00fclet egyik szolg\u00e1lati lak\u00e1s\u00e1ban az el\u0151z\u0151 tan\u00e9v v\u00e9g\u00e9re meg is val\u00f3sult.\u00a0<\/span><\/p>\n\n\n<figure class=\"wp-block-gallery columns-2 is-cropped wp-block-gallery-2 is-layout-flex wp-block-gallery-is-layout-flex\"><ul class=\"blocks-gallery-grid\"><li class=\"blocks-gallery-item\"><figure><img loading=\"lazy\" decoding=\"async\" width=\"1024\" height=\"461\" src=\"https:\/\/besi.hu\/wp-content\/uploads\/2021\/10\/Megerkezett-a-berendezes-egy-resze-1024x461.jpg\" alt=\"\" data-id=\"2146\" data-full-url=\"https:\/\/besi.hu\/wp-content\/uploads\/2021\/10\/Megerkezett-a-berendezes-egy-resze-scaled.jpg\" data-link=\"https:\/\/besi.hu\/?attachment_id=2146\" class=\"wp-image-2146\" srcset=\"https:\/\/besi.hu\/wp-content\/uploads\/2021\/10\/Megerkezett-a-berendezes-egy-resze-1024x461.jpg 1024w, https:\/\/besi.hu\/wp-content\/uploads\/2021\/10\/Megerkezett-a-berendezes-egy-resze-300x135.jpg 300w, https:\/\/besi.hu\/wp-content\/uploads\/2021\/10\/Megerkezett-a-berendezes-egy-resze-768x346.jpg 768w, https:\/\/besi.hu\/wp-content\/uploads\/2021\/10\/Megerkezett-a-berendezes-egy-resze-1536x691.jpg 1536w, https:\/\/besi.hu\/wp-content\/uploads\/2021\/10\/Megerkezett-a-berendezes-egy-resze-2048x922.jpg 2048w, https:\/\/besi.hu\/wp-content\/uploads\/2021\/10\/Megerkezett-a-berendezes-egy-resze-444x200.jpg 444w\" sizes=\"auto, (max-width: 1024px) 100vw, 1024px\" \/><\/figure><\/li><li class=\"blocks-gallery-item\"><figure><img loading=\"lazy\" decoding=\"async\" width=\"1024\" height=\"461\" src=\"https:\/\/besi.hu\/wp-content\/uploads\/2021\/10\/Ilyen-lett-1024x461.jpg\" alt=\"\" data-id=\"2157\" data-full-url=\"https:\/\/besi.hu\/wp-content\/uploads\/2021\/10\/Ilyen-lett-scaled.jpg\" data-link=\"https:\/\/besi.hu\/?attachment_id=2157\" class=\"wp-image-2157\" srcset=\"https:\/\/besi.hu\/wp-content\/uploads\/2021\/10\/Ilyen-lett-1024x461.jpg 1024w, https:\/\/besi.hu\/wp-content\/uploads\/2021\/10\/Ilyen-lett-300x135.jpg 300w, https:\/\/besi.hu\/wp-content\/uploads\/2021\/10\/Ilyen-lett-768x346.jpg 768w, https:\/\/besi.hu\/wp-content\/uploads\/2021\/10\/Ilyen-lett-1536x691.jpg 1536w, https:\/\/besi.hu\/wp-content\/uploads\/2021\/10\/Ilyen-lett-2048x922.jpg 2048w, https:\/\/besi.hu\/wp-content\/uploads\/2021\/10\/Ilyen-lett-444x200.jpg 444w\" sizes=\"auto, (max-width: 1024px) 100vw, 1024px\" \/><\/figure><\/li><\/ul><\/figure>\n\n\n<p><span style=\"font-weight: 400;\">A t\u00f6bbhelyis\u00e9ges l\u00e9tes\u00edtm\u00e9ny imm\u00e1r biztos\u00edtja a reggeli, eb\u00e9d, uzsonna elfogyaszt\u00e1s\u00e1nak, a tanul\u00e1s, relax\u00e1ci\u00f3, t\u00e1rsalg\u00e1s lehet\u0151s\u00e9g\u00e9t \u00e9s k\u00e1belt\u00e9v\u00e9- illetve sz\u00e9less\u00e1v\u00fa internetkapcsolattal is felszerelt. A tanul\u00f3k m\u00e9g a telefonjaik, okoseszk\u00f6zeik felt\u00f6lt\u00e9s\u00e9t is elv\u00e9gezhetik az ott tart\u00f3zkod\u00e1suk alatt.\u00a0<\/span><\/p><div class=\"pvc_clear\"><\/div><p id=\"pvc_stats_1741\" class=\"pvc_stats all  \" data-element-id=\"1741\" style=\"\"><i class=\"pvc-stats-icon medium\" aria-hidden=\"true\"><svg aria-hidden=\"true\" focusable=\"false\" data-prefix=\"far\" data-icon=\"chart-bar\" role=\"img\" xmlns=\"http:\/\/www.w3.org\/2000\/svg\" viewBox=\"0 0 512 512\" class=\"svg-inline--fa fa-chart-bar fa-w-16 fa-2x\"><path fill=\"currentColor\" d=\"M396.8 352h22.4c6.4 0 12.8-6.4 12.8-12.8V108.8c0-6.4-6.4-12.8-12.8-12.8h-22.4c-6.4 0-12.8 6.4-12.8 12.8v230.4c0 6.4 6.4 12.8 12.8 12.8zm-192 0h22.4c6.4 0 12.8-6.4 12.8-12.8V140.8c0-6.4-6.4-12.8-12.8-12.8h-22.4c-6.4 0-12.8 6.4-12.8 12.8v198.4c0 6.4 6.4 12.8 12.8 12.8zm96 0h22.4c6.4 0 12.8-6.4 12.8-12.8V204.8c0-6.4-6.4-12.8-12.8-12.8h-22.4c-6.4 0-12.8 6.4-12.8 12.8v134.4c0 6.4 6.4 12.8 12.8 12.8zM496 400H48V80c0-8.84-7.16-16-16-16H16C7.16 64 0 71.16 0 80v336c0 17.67 14.33 32 32 32h464c8.84 0 16-7.16 16-16v-16c0-8.84-7.16-16-16-16zm-387.2-48h22.4c6.4 0 12.8-6.4 12.8-12.8v-70.4c0-6.4-6.4-12.8-12.8-12.8h-22.4c-6.4 0-12.8 6.4-12.8 12.8v70.4c0 6.4 6.4 12.8 12.8 12.8z\" class=\"\"><\/path><\/svg><\/i> <img loading=\"lazy\" decoding=\"async\" width=\"16\" height=\"16\" alt=\"Loading\" src=\"https:\/\/besi.hu\/wp-content\/plugins\/page-views-count\/ajax-loader-2x.gif\" border=0 \/><\/p><div class=\"pvc_clear\"><\/div>","protected":false},"excerpt":{"rendered":"<p>\u201eAz iskola az \u00e9letre nevel\u201d \u2013 mondj\u00e1k, \u00e9s ahogyan a feh\u00e9r sz\u00edn legjobban a fekete h\u00e1tt\u00e9r el\u0151tt \u00e9rv\u00e9nyes\u00fcl,\u00e9s ami\u00e9rt az \u00e9jszak\u00e1ra sz\u00fcks\u00e9g\u00fcnk van ahhoz, hogygy\u00f6ny\u00f6rk\u00f6dhess\u00fcnk a napfelkelt\u00e9ben, ugyan\u00fagysz\u00fcks\u00e9g van a tan\u00f3r\u00e1kra ahhoz, hogy az iskolaval\u00f3di \u00e9rtelme, a sz\u00fcnet, megmutatkozhasson.\u00a0(Dr. Gyurk\u00f3 Szilvia) A fiatalok sz\u00e1m\u00e1ra az iskola az els\u0151dleges hely a&#8230;<\/p>\n<div class=\"pvc_clear\"><\/div>\n<p id=\"pvc_stats_1741\" class=\"pvc_stats all  \" data-element-id=\"1741\" style=\"\"><i class=\"pvc-stats-icon medium\" aria-hidden=\"true\"><svg aria-hidden=\"true\" focusable=\"false\" data-prefix=\"far\" data-icon=\"chart-bar\" role=\"img\" xmlns=\"http:\/\/www.w3.org\/2000\/svg\" viewBox=\"0 0 512 512\" class=\"svg-inline--fa fa-chart-bar fa-w-16 fa-2x\"><path fill=\"currentColor\" d=\"M396.8 352h22.4c6.4 0 12.8-6.4 12.8-12.8V108.8c0-6.4-6.4-12.8-12.8-12.8h-22.4c-6.4 0-12.8 6.4-12.8 12.8v230.4c0 6.4 6.4 12.8 12.8 12.8zm-192 0h22.4c6.4 0 12.8-6.4 12.8-12.8V140.8c0-6.4-6.4-12.8-12.8-12.8h-22.4c-6.4 0-12.8 6.4-12.8 12.8v198.4c0 6.4 6.4 12.8 12.8 12.8zm96 0h22.4c6.4 0 12.8-6.4 12.8-12.8V204.8c0-6.4-6.4-12.8-12.8-12.8h-22.4c-6.4 0-12.8 6.4-12.8 12.8v134.4c0 6.4 6.4 12.8 12.8 12.8zM496 400H48V80c0-8.84-7.16-16-16-16H16C7.16 64 0 71.16 0 80v336c0 17.67 14.33 32 32 32h464c8.84 0 16-7.16 16-16v-16c0-8.84-7.16-16-16-16zm-387.2-48h22.4c6.4 0 12.8-6.4 12.8-12.8v-70.4c0-6.4-6.4-12.8-12.8-12.8h-22.4c-6.4 0-12.8 6.4-12.8 12.8v70.4c0 6.4 6.4 12.8 12.8 12.8z\" class=\"\"><\/path><\/svg><\/i> <img loading=\"lazy\" decoding=\"async\" width=\"16\" height=\"16\" alt=\"Loading\" src=\"https:\/\/besi.hu\/wp-content\/plugins\/page-views-count\/ajax-loader-2x.gif\" border=0 \/><\/p>\n<div class=\"pvc_clear\"><\/div>\n","protected":false},"author":2,"featured_media":0,"parent":0,"menu_order":0,"comment_status":"closed","ping_status":"closed","template":"","meta":{"footnotes":""},"class_list":["post-1741","page","type-page","status-publish","hentry"],"aioseo_notices":[],"a3_pvc":{"activated":true,"total_views":424,"today_views":0},"_links":{"self":[{"href":"https:\/\/besi.hu\/index.php?rest_route=\/wp\/v2\/pages\/1741","targetHints":{"allow":["GET"]}}],"collection":[{"href":"https:\/\/besi.hu\/index.php?rest_route=\/wp\/v2\/pages"}],"about":[{"href":"https:\/\/besi.hu\/index.php?rest_route=\/wp\/v2\/types\/page"}],"author":[{"embeddable":true,"href":"https:\/\/besi.hu\/index.php?rest_route=\/wp\/v2\/users\/2"}],"replies":[{"embeddable":true,"href":"https:\/\/besi.hu\/index.php?rest_route=%2Fwp%2Fv2%2Fcomments&post=1741"}],"version-history":[{"count":6,"href":"https:\/\/besi.hu\/index.php?rest_route=\/wp\/v2\/pages\/1741\/revisions"}],"predecessor-version":[{"id":2159,"href":"https:\/\/besi.hu\/index.php?rest_route=\/wp\/v2\/pages\/1741\/revisions\/2159"}],"wp:attachment":[{"href":"https:\/\/besi.hu\/index.php?rest_route=%2Fwp%2Fv2%2Fmedia&parent=1741"}],"curies":[{"name":"wp","href":"https:\/\/api.w.org\/{rel}","templated":true}]}}