{"id":2813,"date":"2024-09-29T19:02:03","date_gmt":"2024-09-29T17:02:03","guid":{"rendered":"https:\/\/besi.hu\/?page_id=2813"},"modified":"2025-09-17T10:35:22","modified_gmt":"2025-09-17T08:35:22","slug":"kisvardai-bessenyei-gyorgy-gimnazium-es-kollegium-iskolai-konyvtara","status":"publish","type":"page","link":"https:\/\/besi.hu\/?page_id=2813","title":{"rendered":"Kisv\u00e1rdai Bessenyei Gy\u00f6rgy Gimn\u00e1zium \u00e9s Koll\u00e9gium Iskolai K\u00f6nyvt\u00e1ra"},"content":{"rendered":"<div class=\"wp-block-image\">\n<figure class=\"aligncenter size-full\"><img loading=\"lazy\" decoding=\"async\" width=\"455\" height=\"501\" src=\"https:\/\/besi.hu\/wp-content\/uploads\/2025\/01\/logo.jpg\" alt=\"\" class=\"wp-image-2852\" srcset=\"https:\/\/besi.hu\/wp-content\/uploads\/2025\/01\/logo.jpg 455w, https:\/\/besi.hu\/wp-content\/uploads\/2025\/01\/logo-272x300.jpg 272w, https:\/\/besi.hu\/wp-content\/uploads\/2025\/01\/logo-182x200.jpg 182w\" sizes=\"auto, (max-width: 455px) 100vw, 455px\" \/><\/figure>\n<\/div>\n\n\n<p class=\"has-text-align-center\"><strong><u>El\u00e9rhet\u0151:<\/u><\/strong><\/p>\n\n\n\n<p class=\"has-text-align-center\">4600, Kisv\u00e1rda, Iskola t\u00e9r 2.<\/p>\n\n\n\n<p class=\"has-text-align-center\">I. emelet, 105. terem<\/p>\n\n\n\n<p class=\"has-text-align-center\">E-mail:&nbsp;<a href=\"mailto:besikonyvtar@gmail.com\">besikonyvtar@gmail.com<\/a><\/p>\n\n\n\n<p class=\"has-text-align-center\"><strong><u>Nyitvatart\u00e1s tan\u00edt\u00e1si napokon:<\/u><\/strong><\/p>\n\n\n\n<p class=\"has-text-align-center\">H\u00e9tf\u0151: 7.30 \u2013 16.00<\/p>\n\n\n\n<p class=\"has-text-align-center\">Kedd: 7.30 \u2013 16.00<\/p>\n\n\n\n<p class=\"has-text-align-center\">Szerda: 7.30- 16.00<\/p>\n\n\n\n<p class=\"has-text-align-center\">Cs\u00fct\u00f6rt\u00f6k: 7.30 \u2013 16.00<\/p>\n\n\n\n<p class=\"has-text-align-center\">P\u00e9ntek: 7.30 \u2013 14.30<\/p>\n\n\n\n<p class=\"has-text-align-center\"><strong><u>K\u00f6nyvt\u00e1rostan\u00e1rok:<\/u><\/strong><\/p>\n\n\n\n<p class=\"has-text-align-center\">Dr. Dolhain\u00e9 Szab\u00f3 Anik\u00f3<\/p>\n\n\n\n<p class=\"has-text-align-center\">Siposn\u00e9 Moln\u00e1r Annam\u00e1ria<\/p>\n\n\n\n<h1 class=\"wp-block-heading has-text-align-center\">Az iskolai k\u00f6nyvt\u00e1r katal\u00f3gusa: <\/h1>\n\n\n\n<p class=\"has-text-align-center\"><a href=\"https:\/\/kisvarda-bessenyei.iskolateka.monguz.hu\">https:\/\/kisvarda-bessenyei.iskolateka.monguz.hu<\/a><\/p>\n\n\n\n<p class=\"has-text-align-center\"><strong>2025\/2026. tan\u00e9v programjai: <\/strong><\/p>\n\n\n<div class=\"wp-block-image\">\n<figure class=\"aligncenter size-large\"><img loading=\"lazy\" decoding=\"async\" width=\"1024\" height=\"1024\" src=\"https:\/\/besi.hu\/wp-content\/uploads\/2025\/09\/Plakat-Besi-toto-1024x1024.jpg\" alt=\"\" class=\"wp-image-25079\" srcset=\"https:\/\/besi.hu\/wp-content\/uploads\/2025\/09\/Plakat-Besi-toto-1024x1024.jpg 1024w, https:\/\/besi.hu\/wp-content\/uploads\/2025\/09\/Plakat-Besi-toto-300x300.jpg 300w, https:\/\/besi.hu\/wp-content\/uploads\/2025\/09\/Plakat-Besi-toto-150x150.jpg 150w, https:\/\/besi.hu\/wp-content\/uploads\/2025\/09\/Plakat-Besi-toto-768x768.jpg 768w, https:\/\/besi.hu\/wp-content\/uploads\/2025\/09\/Plakat-Besi-toto-200x200.jpg 200w, https:\/\/besi.hu\/wp-content\/uploads\/2025\/09\/Plakat-Besi-toto.jpg 1080w\" sizes=\"auto, (max-width: 1024px) 100vw, 1024px\" \/><\/figure>\n<\/div>\n\n\n<p><\/p>\n\n\n\n<p class=\"has-text-align-center\"><strong>M\u00f3dszertani aj\u00e1nl\u00e1s: <\/strong><\/p>\n\n\n\n<ul class=\"wp-block-list\">\n<li><a href=\"https:\/\/moderniskola.hu\/2025\/09\/a-mesterseges-intelligencia-bevezetese-az-iskolankban-tanari-segedanyag-egy-45-perces-bevezeto-orahoz\/\">A mesters\u00e9ges intelligencia bevezet\u00e9se az iskol\u00e1nkban &#8211; tan\u00e1ri seg\u00e9danyag egy 45 perces bevezet\u0151 \u00f3r\u00e1hoz \u2013 Modern Iskola<\/a><\/li>\n<\/ul>\n\n\n\n<h2 class=\"wp-block-heading has-text-align-center\">Aj\u00e1nd\u00e9kk\u00f6nyvek:<\/h2>\n\n\n<div class=\"wp-block-image\">\n<figure class=\"aligncenter\"><img loading=\"lazy\" decoding=\"async\" width=\"940\" height=\"788\" src=\"https:\/\/besi.hu\/wp-content\/uploads\/2025\/06\/beszamolo.jpg\" alt=\"\" class=\"wp-image-25050\" srcset=\"https:\/\/besi.hu\/wp-content\/uploads\/2025\/06\/beszamolo.jpg 940w, https:\/\/besi.hu\/wp-content\/uploads\/2025\/06\/beszamolo-300x251.jpg 300w, https:\/\/besi.hu\/wp-content\/uploads\/2025\/06\/beszamolo-768x644.jpg 768w, https:\/\/besi.hu\/wp-content\/uploads\/2025\/06\/beszamolo-239x200.jpg 239w\" sizes=\"auto, (max-width: 940px) 100vw, 940px\" \/><\/figure>\n<\/div>\n\n\n<p><\/p>\n\n\n<div class=\"wp-block-image\">\n<figure class=\"aligncenter\"><img loading=\"lazy\" decoding=\"async\" width=\"940\" height=\"788\" src=\"https:\/\/besi.hu\/wp-content\/uploads\/2025\/06\/bejegyzes.jpg\" alt=\"\" class=\"wp-image-25052\" srcset=\"https:\/\/besi.hu\/wp-content\/uploads\/2025\/06\/bejegyzes.jpg 940w, https:\/\/besi.hu\/wp-content\/uploads\/2025\/06\/bejegyzes-300x251.jpg 300w, https:\/\/besi.hu\/wp-content\/uploads\/2025\/06\/bejegyzes-768x644.jpg 768w, https:\/\/besi.hu\/wp-content\/uploads\/2025\/06\/bejegyzes-239x200.jpg 239w\" sizes=\"auto, (max-width: 940px) 100vw, 940px\" \/><\/figure>\n<\/div>\n\n\n<p class=\"has-text-align-center\"><strong>2024\/2025. tan\u00e9v programjai:<\/strong><\/p>\n\n\n<div class=\"wp-block-image\">\n<figure class=\"aligncenter size-full is-resized\"><img loading=\"lazy\" decoding=\"async\" width=\"506\" height=\"703\" src=\"https:\/\/besi.hu\/wp-content\/uploads\/2025\/04\/plakat.jpg\" alt=\"\" class=\"wp-image-15702\" style=\"width:526px;height:auto\" srcset=\"https:\/\/besi.hu\/wp-content\/uploads\/2025\/04\/plakat.jpg 506w, https:\/\/besi.hu\/wp-content\/uploads\/2025\/04\/plakat-216x300.jpg 216w, https:\/\/besi.hu\/wp-content\/uploads\/2025\/04\/plakat-144x200.jpg 144w\" sizes=\"auto, (max-width: 506px) 100vw, 506px\" \/><\/figure>\n<\/div>\n\n\n<h2 class=\"wp-block-heading has-text-align-center\"><\/h2>\n\n\n\n<figure class=\"wp-block-gallery aligncenter has-nested-images columns-default is-cropped wp-block-gallery-1 is-layout-flex wp-block-gallery-is-layout-flex\">\n<figure class=\"wp-block-image size-large\"><img loading=\"lazy\" decoding=\"async\" width=\"724\" height=\"1024\" data-id=\"9381\" src=\"https:\/\/besi.hu\/wp-content\/uploads\/2025\/02\/vakrandi-plakat-2025-724x1024.jpg\" alt=\"\" class=\"wp-image-9381\" srcset=\"https:\/\/besi.hu\/wp-content\/uploads\/2025\/02\/vakrandi-plakat-2025-724x1024.jpg 724w, https:\/\/besi.hu\/wp-content\/uploads\/2025\/02\/vakrandi-plakat-2025-212x300.jpg 212w, https:\/\/besi.hu\/wp-content\/uploads\/2025\/02\/vakrandi-plakat-2025-768x1086.jpg 768w, https:\/\/besi.hu\/wp-content\/uploads\/2025\/02\/vakrandi-plakat-2025-1086x1536.jpg 1086w, https:\/\/besi.hu\/wp-content\/uploads\/2025\/02\/vakrandi-plakat-2025-1448x2048.jpg 1448w, https:\/\/besi.hu\/wp-content\/uploads\/2025\/02\/vakrandi-plakat-2025-141x200.jpg 141w, https:\/\/besi.hu\/wp-content\/uploads\/2025\/02\/vakrandi-plakat-2025.jpg 1587w\" sizes=\"auto, (max-width: 724px) 100vw, 724px\" \/><\/figure>\n<\/figure>\n\n\n\n<h2 class=\"wp-block-heading\">K\u00f6nyvt\u00e1ri \u00e1llom\u00e1ny:<\/h2>\n\n\n\n<p>\u2022 Szakirodalom: enciklop\u00e9dia, sz\u00f3t\u00e1r, lexikon, atlasz, szakk\u00f6nyv, ismeretterjeszt\u0151 k\u00f6nyv<br>\u2022 Sz\u00e9pirodalom: k\u00f6telez\u0151 olvasm\u00e1ny, vers, reg\u00e9ny, dr\u00e1ma, novella<br>\u2022 Egy\u00e9b: t\u00e9rk\u00e9p, CD, DVD, hangosk\u00f6nyv<br>\u2022 Tank\u00f6nyv<\/p>\n\n\n\n<h2 class=\"wp-block-heading\">Szolg\u00e1ltat\u00e1sok:<\/h2>\n\n\n\n<p>\u2022 K\u00f6lcs\u00f6nz\u00e9s<br>\u2022 K\u00f6nyvt\u00e1rhaszn\u00e1lati-\u00e9s egy\u00e9b szak\u00f3r\u00e1k tart\u00e1sa<br>\u2022 K\u00f6nyvt\u00e1ri dokumentumok helyben haszn\u00e1lata: tanul\u00e1s, versenyre felk\u00e9sz\u00fcl\u00e9s<br>\u2022 Tart\u00f3s tank\u00f6nyvek nyilv\u00e1ntart\u00e1sa, k\u00f6lcs\u00f6nz\u00e9se<\/p>\n\n\n\n<h2 class=\"wp-block-heading\">Tudnival\u00f3k: <\/h2>\n\n\n\n<p><strong>Beiratkoz\u00e1s<\/strong>: az iskolai k\u00f6nyvt\u00e1rnak tagja minden Kisv\u00e1rdai Bessenyei Gy\u00f6rgy Gimn\u00e1zium \u00e9s Koll\u00e9giumban tanul\u00f3 di\u00e1k, itt dolgoz\u00f3 pedag\u00f3gus \u00e9s technikai munkat\u00e1rs. Sz\u00e1mukra a beiratkoz\u00e1s \u00e9s a szolg\u00e1ltat\u00e1sok ig\u00e9nybev\u00e9tele d\u00edjtalan.<\/p>\n\n\n\n<p><strong>K\u00f6lcs\u00f6nz\u00e9s<\/strong>: egyidej\u0171leg k\u00f6lcs\u00f6n\u00f6zhet\u0151 dokumentumok sz\u00e1ma maximum h\u00e1rom darab, a k\u00f6lcs\u00f6nz\u00e9si hat\u00e1rid\u0151 4 h\u00e9t, mely ig\u00e9ny szerint hosszabb\u00edthat\u00f3. A k\u00f6lcs\u00f6nz\u00e9sek nyilv\u00e1ntart\u00e1sa a Hunt\u00e9ka k\u00f6nyvt\u00e1ri rendszerben t\u00f6rt\u00e9nik. &nbsp;<\/p>\n\n\n\n<p><strong>Helyben haszn\u00e1lat<\/strong>: az iskolai k\u00f6nyvt\u00e1ri dokumentumok k\u00f6z\u00fcl csak helyben haszn\u00e1lhat\u00f3 az olvas\u00f3termi \u00e9s k\u00e9zik\u00f6nyvt\u00e1ri \u00e1llom\u00e1nyr\u00e9sz. &nbsp;<\/p>\n\n\n\n<p><strong>K\u00f6nyvt\u00e1ri \u00f3r\u00e1k<\/strong>: oszt\u00e1lyok, tanul\u00f3csoportok r\u00e9sz\u00e9re szak\u00f3r\u00e1k, foglalkoz\u00e1sok tarthat\u00f3k a k\u00f6nyvt\u00e1rban, szaktan\u00e1rok vagy k\u00f6nyvt\u00e1rostan\u00e1rok ir\u00e1ny\u00edt\u00e1s\u00e1val.<\/p>\n\n\n\n<h2 class=\"wp-block-heading\">Inform\u00e1ci\u00f3keres\u00e9shez aj\u00e1nljuk: <\/h2>\n\n\n\n<p>1. <strong><strong><u>K\u00f6nyvek keres\u00e9s\u00e9hez:<\/u><\/strong><\/strong><\/p>\n\n\n\n<p><strong>Arcanum K\u00e9zik\u00f6nyvt\u00e1r&nbsp;<\/strong><br>Lexikonok, \u00edr\u00f3i \u00e9letm\u0171vek, csal\u00e1dt\u00f6rt\u00e9neti kiadv\u00e1nyok, t\u00f6rt\u00e9nelmi monogr\u00e1fi\u00e1k, VersT\u00e1r.<br>URL:&nbsp;<a href=\"https:\/\/www.arcanum.hu\/hu\/online-kiadvanyok\/\">https:\/\/www.arcanum.hu\/hu\/online-kiadvanyok\/<\/a><\/p>\n\n\n\n<p><strong>Magyar Elektronikus K\u00f6nyvt\u00e1r<\/strong><\/p>\n\n\n\n<p>Magyar nyelv\u0171 vagy magyar ill. k\u00f6z\u00e9p-eur\u00f3pai vonatkoz\u00e1s\u00fa, tudom\u00e1nyos, oktat\u00e1si vagy kultur\u00e1lis c\u00e9lokra haszn\u00e1lhat\u00f3 dokumentumok: els\u0151sorban sz\u00f6veges m\u0171vek, kisebb r\u00e9szben pedig t\u00e9rk\u00e9pek \u00e9s kott\u00e1k. A k\u00f6telez\u0151 olvasm\u00e1nyok egy r\u00e9sze el\u00e9rhet\u0151 teljes sz\u00f6veggel vagy hangosk\u00f6nyv form\u00e1ban is.<\/p>\n\n\n\n<p> URL:&nbsp;<a href=\"http:\/\/mek.oszk.hu\/\">http:\/\/mek.oszk.hu<\/a><\/p>\n\n\n\n<p><strong>Digit\u00e1lis Irodalmi Akad\u00e9mia<\/strong><\/p>\n\n\n\n<p>A leg\u00fajabb kori \u00e9s kort\u00e1rs magyar irodalom kiemelked\u0151 alkot\u00e1sainak gy\u0171jtem\u00e9nye. Teljes sz\u00f6veggel olvashat\u00f3k az \u00e9letm\u0171vek.<br>A tagok \u00e9letrajz\u00e1t, bibliogr\u00e1fi\u00e1j\u00e1t, m\u00e1sodlagos bibliogr\u00e1fi\u00e1j\u00e1t, a r\u00f3luk sz\u00f3l\u00f3 digitaliz\u00e1lt sz\u00f6vegeket is megtal\u00e1lhatjuk. <\/p>\n\n\n\n<p>URL:&nbsp;<a href=\"https:\/\/pim.hu\/hu\/dia\">https:\/\/pim.hu\/hu\/dia<\/a><\/p>\n\n\n\n<p><strong><u>2. Id\u0151szaki kiadv\u00e1nyok (foly\u00f3iratok, \u00fajs\u00e1gok, magazinok) keres\u00e9s\u00e9hez:<\/u><\/strong><\/p>\n\n\n\n<p><strong>Elektronikus Periodika Arch\u00edvum \u00e9s Adatb\u00e1zis (EPA)<\/strong><\/p>\n\n\n\n<p>Az elektronikus id\u0151szaki kiadv\u00e1nyok szervezett, t\u00f6bb szempontb\u00f3l visszakereshet\u0151 katal\u00f3gusa. Magyar nyelv\u0171 vagy magyar kiad\u00e1s\u00fa, heti vagy ann\u00e1l hosszabb periodicit\u00e1s\u00fa oktat\u00e1si, tudom\u00e1nyos vagy kultur\u00e1lis szempontb\u00f3l hasznos id\u0151szaki kiadv\u00e1nyokat teszik el\u00e9rhet\u0151v\u00e9. <\/p>\n\n\n\n<p>URl:&nbsp;<a href=\"http:\/\/epa.oszk.hu\/\">http:\/\/epa.oszk.hu\/<\/a><\/p>\n\n\n\n<p><strong>MATARKA \u2013 Magyar foly\u00f3iratok tartalomjegyz\u00e9keinek kereshet\u0151 adatb\u00e1zisa<\/strong><\/p>\n\n\n\n<p>T\u00falnyom\u00f3r\u00e9szt Magyarorsz\u00e1gon megjelen\u0151 tudom\u00e1nyos \u00e9s szakmai foly\u00f3iratok tartalomjegyz\u00e9keinek kereshet\u0151s\u00e9g\u00e9t \u00e9s b\u00f6ng\u00e9sz\u00e9s\u00e9t lehet\u0151v\u00e9 tev\u0151, b\u00e1rki sz\u00e1m\u00e1ra t\u00e9r\u00edt\u00e9smentesen el\u00e9rhet\u0151 orsz\u00e1gos szolg\u00e1ltat\u00e1s. Elvezet a feldolgozott foly\u00f3iratok honlapj\u00e1ra, hozz\u00e1f\u00e9r\u00e9st ad ugr\u00f3pontok seg\u00edts\u00e9g\u00e9vel a cikkek teljes sz\u00f6veg\u00e9hez, ha azok szabadon el\u00e9rhet\u0151k az interneten.<\/p>\n\n\n\n<p>URL:&nbsp;<a href=\"https:\/\/www.matarka.hu\/index.php#reszletes_kereses\">https:\/\/www.matarka.hu\/index.php#reszletes_kereses<\/a><\/p>\n\n\n\n<p><strong>HUMANUS \u2013 Hum\u00e1ntudom\u00e1nyi tanulm\u00e1nyok \u00e9s cikkek adatb\u00e1zisa<\/strong><\/p>\n\n\n\n<p>Rendeltet\u00e9se hozz\u00e1f\u00e9rhet\u0151v\u00e9 tenni \u00e9s szolg\u00e1ltatni a hum\u00e1ntudom\u00e1nyok magyar vonatkoz\u00e1s\u00fa tanulm\u00e1nyainak \u00e9s cikkeinek bibliogr\u00e1fiai adatait, a kezdetekt\u0151l napjainkig.<\/p>\n\n\n\n<p><strong>EPA-HUMANUS-MATARKA k\u00f6z\u00f6s keres\u0151je<\/strong><\/p>\n\n\n\n<p>URL:&nbsp;<a href=\"http:\/\/ehm.ek.szte.hu\/ehm?p=0\">http:\/\/ehm.ek.szte.hu\/ehm?p=0<\/a><\/p>\n\n\n\n<p><strong><u>3. Vegyes dokumentumok keres\u00e9s\u00e9hez:<\/u><\/strong><\/p>\n\n\n\n<p><strong>NAVA \u2013 Nemzeti Audiovizu\u00e1lis Arch\u00edvum<\/strong><\/p>\n\n\n\n<p>A NAVA \u2013 teljes nev\u00e9n Nemzeti Audiovizu\u00e1lis Arch\u00edvum \u2013 a magyar nemzeti m\u0171sorszolg\u00e1ltat\u00f3i k\u00f6telesp\u00e9ld\u00e1ny-arch\u00edvum, amely audiovizu\u00e1lis tartalmakat gy\u0171jt. Gy\u0171jt\u0151k\u00f6r\u00e9be a k\u00f6vetkez\u0151 csatorn\u00e1k magyar gy\u00e1rt\u00e1s\u00fa illetve magyar vonatkoz\u00e1s\u00fa m\u0171sorai tartoznak: M1, M2, M3, M4, M5 Duna, RTL Klub, TV2, ATV, H\u00edrTV, EchoTV, Kossuth, Pet\u0151fi, Bart\u00f3k R\u00e1di\u00f3.&nbsp; Valamint tv-sorozatok, h\u00edrm\u0171sorok, MTV h\u00edrad\u00f3k tekinthet\u0151k meg. K\u00fcl\u00f6ngy\u0171jtem\u00e9nye tartalmaz t\u00f6bbek k\u00f6z\u00f6tt 100 magyar j\u00e1t\u00e9kfilmet is.<\/p>\n\n\n\n<p>A Kisv\u00e1rdai Bessenyei Gy\u00f6rgy Gimn\u00e1zium \u00e9s Koll\u00e9gium di\u00e1kjai \u00e9s tan\u00e1rai, munkat\u00e1rsai r\u00e9sz\u00e9re iskol\u00e1n bel\u00fcl teljes k\u00f6r\u0171 hozz\u00e1f\u00e9r\u00e9s biztos\u00edtott.<\/p>\n\n\n\n<p>URL:&nbsp;<a href=\"http:\/\/www.nava.hu\/\">http:\/\/www.nava.hu<\/a><\/p>\n\n\n\n<p><\/p>\n<div class=\"pvc_clear\"><\/div><p id=\"pvc_stats_2813\" class=\"pvc_stats all  \" data-element-id=\"2813\" style=\"\"><i class=\"pvc-stats-icon medium\" aria-hidden=\"true\"><svg aria-hidden=\"true\" focusable=\"false\" data-prefix=\"far\" data-icon=\"chart-bar\" role=\"img\" xmlns=\"http:\/\/www.w3.org\/2000\/svg\" viewBox=\"0 0 512 512\" class=\"svg-inline--fa fa-chart-bar fa-w-16 fa-2x\"><path fill=\"currentColor\" d=\"M396.8 352h22.4c6.4 0 12.8-6.4 12.8-12.8V108.8c0-6.4-6.4-12.8-12.8-12.8h-22.4c-6.4 0-12.8 6.4-12.8 12.8v230.4c0 6.4 6.4 12.8 12.8 12.8zm-192 0h22.4c6.4 0 12.8-6.4 12.8-12.8V140.8c0-6.4-6.4-12.8-12.8-12.8h-22.4c-6.4 0-12.8 6.4-12.8 12.8v198.4c0 6.4 6.4 12.8 12.8 12.8zm96 0h22.4c6.4 0 12.8-6.4 12.8-12.8V204.8c0-6.4-6.4-12.8-12.8-12.8h-22.4c-6.4 0-12.8 6.4-12.8 12.8v134.4c0 6.4 6.4 12.8 12.8 12.8zM496 400H48V80c0-8.84-7.16-16-16-16H16C7.16 64 0 71.16 0 80v336c0 17.67 14.33 32 32 32h464c8.84 0 16-7.16 16-16v-16c0-8.84-7.16-16-16-16zm-387.2-48h22.4c6.4 0 12.8-6.4 12.8-12.8v-70.4c0-6.4-6.4-12.8-12.8-12.8h-22.4c-6.4 0-12.8 6.4-12.8 12.8v70.4c0 6.4 6.4 12.8 12.8 12.8z\" class=\"\"><\/path><\/svg><\/i> <img loading=\"lazy\" decoding=\"async\" width=\"16\" height=\"16\" alt=\"Loading\" src=\"https:\/\/besi.hu\/wp-content\/plugins\/page-views-count\/ajax-loader-2x.gif\" border=0 \/><\/p><div class=\"pvc_clear\"><\/div>","protected":false},"excerpt":{"rendered":"<p>El\u00e9rhet\u0151: 4600, Kisv\u00e1rda, Iskola t\u00e9r 2. I. emelet, 105. terem E-mail:&nbsp;besikonyvtar@gmail.com Nyitvatart\u00e1s tan\u00edt\u00e1si napokon: H\u00e9tf\u0151: 7.30 \u2013 16.00 Kedd: 7.30 \u2013 16.00 Szerda: 7.30- 16.00 Cs\u00fct\u00f6rt\u00f6k: 7.30 \u2013 16.00 P\u00e9ntek: 7.30 \u2013 14.30 K\u00f6nyvt\u00e1rostan\u00e1rok: Dr. Dolhain\u00e9 Szab\u00f3 Anik\u00f3 Siposn\u00e9 Moln\u00e1r Annam\u00e1ria Az iskolai k\u00f6nyvt\u00e1r katal\u00f3gusa: https:\/\/kisvarda-bessenyei.iskolateka.monguz.hu 2025\/2026. tan\u00e9v programjai: M\u00f3dszertani&#8230;<\/p>\n<div class=\"pvc_clear\"><\/div>\n<p id=\"pvc_stats_2813\" class=\"pvc_stats all  \" data-element-id=\"2813\" style=\"\"><i class=\"pvc-stats-icon medium\" aria-hidden=\"true\"><svg aria-hidden=\"true\" focusable=\"false\" data-prefix=\"far\" data-icon=\"chart-bar\" role=\"img\" xmlns=\"http:\/\/www.w3.org\/2000\/svg\" viewBox=\"0 0 512 512\" class=\"svg-inline--fa fa-chart-bar fa-w-16 fa-2x\"><path fill=\"currentColor\" d=\"M396.8 352h22.4c6.4 0 12.8-6.4 12.8-12.8V108.8c0-6.4-6.4-12.8-12.8-12.8h-22.4c-6.4 0-12.8 6.4-12.8 12.8v230.4c0 6.4 6.4 12.8 12.8 12.8zm-192 0h22.4c6.4 0 12.8-6.4 12.8-12.8V140.8c0-6.4-6.4-12.8-12.8-12.8h-22.4c-6.4 0-12.8 6.4-12.8 12.8v198.4c0 6.4 6.4 12.8 12.8 12.8zm96 0h22.4c6.4 0 12.8-6.4 12.8-12.8V204.8c0-6.4-6.4-12.8-12.8-12.8h-22.4c-6.4 0-12.8 6.4-12.8 12.8v134.4c0 6.4 6.4 12.8 12.8 12.8zM496 400H48V80c0-8.84-7.16-16-16-16H16C7.16 64 0 71.16 0 80v336c0 17.67 14.33 32 32 32h464c8.84 0 16-7.16 16-16v-16c0-8.84-7.16-16-16-16zm-387.2-48h22.4c6.4 0 12.8-6.4 12.8-12.8v-70.4c0-6.4-6.4-12.8-12.8-12.8h-22.4c-6.4 0-12.8 6.4-12.8 12.8v70.4c0 6.4 6.4 12.8 12.8 12.8z\" class=\"\"><\/path><\/svg><\/i> <img loading=\"lazy\" decoding=\"async\" width=\"16\" height=\"16\" alt=\"Loading\" src=\"https:\/\/besi.hu\/wp-content\/plugins\/page-views-count\/ajax-loader-2x.gif\" border=0 \/><\/p>\n<div class=\"pvc_clear\"><\/div>\n","protected":false},"author":1,"featured_media":0,"parent":0,"menu_order":0,"comment_status":"closed","ping_status":"closed","template":"","meta":{"footnotes":""},"class_list":["post-2813","page","type-page","status-publish","hentry"],"aioseo_notices":[],"a3_pvc":{"activated":true,"total_views":245,"today_views":0},"_links":{"self":[{"href":"https:\/\/besi.hu\/index.php?rest_route=\/wp\/v2\/pages\/2813","targetHints":{"allow":["GET"]}}],"collection":[{"href":"https:\/\/besi.hu\/index.php?rest_route=\/wp\/v2\/pages"}],"about":[{"href":"https:\/\/besi.hu\/index.php?rest_route=\/wp\/v2\/types\/page"}],"author":[{"embeddable":true,"href":"https:\/\/besi.hu\/index.php?rest_route=\/wp\/v2\/users\/1"}],"replies":[{"embeddable":true,"href":"https:\/\/besi.hu\/index.php?rest_route=%2Fwp%2Fv2%2Fcomments&post=2813"}],"version-history":[{"count":24,"href":"https:\/\/besi.hu\/index.php?rest_route=\/wp\/v2\/pages\/2813\/revisions"}],"predecessor-version":[{"id":25085,"href":"https:\/\/besi.hu\/index.php?rest_route=\/wp\/v2\/pages\/2813\/revisions\/25085"}],"wp:attachment":[{"href":"https:\/\/besi.hu\/index.php?rest_route=%2Fwp%2Fv2%2Fmedia&parent=2813"}],"curies":[{"name":"wp","href":"https:\/\/api.w.org\/{rel}","templated":true}]}}