{"id":40662,"date":"2026-03-20T00:01:00","date_gmt":"2026-03-19T23:01:00","guid":{"rendered":"https:\/\/besi.hu\/?page_id=40662"},"modified":"2026-03-19T20:41:18","modified_gmt":"2026-03-19T19:41:18","slug":"0001-arany-janos-tehetseggondozo-program-2026","status":"publish","type":"page","link":"https:\/\/besi.hu\/?page_id=40662","title":{"rendered":"0001 &#8211; Arany J\u00e1nos Tehets\u00e9ggondoz\u00f3 Program 2026"},"content":{"rendered":"\n<p>A tanul\u00f3k sorrendje az AJTP p\u00e1ly\u00e1zatban meghat\u00e1rozottak szerint ker\u00fclt kialak\u00edt\u00e1sra.<\/p>\n\n\n\n<p>&nbsp;<\/p>\n\n\n\n<figure class=\"wp-block-table\"><table class=\"has-fixed-layout\"><tbody><tr><td><strong>Sorsz\u00e1m<\/strong><\/td><td><strong>Oktat\u00e1si azonos\u00edt\u00f3\/Jelige<\/strong><\/td><\/tr><tr><td>1<\/td><td>73018163714<\/td><\/tr><tr><td>2<\/td><td>73007910028<\/td><\/tr><tr><td>3<\/td><td>72911064323<\/td><\/tr><tr><td>4<\/td><td>73028023575<\/td><\/tr><tr><td>5<\/td><td>73109695657<\/td><\/tr><tr><td>6<\/td><td>73051440639<\/td><\/tr><tr><td>7<\/td><td>72909699709<\/td><\/tr><tr><td>8<\/td><td>73030674743<\/td><\/tr><tr><td>9<\/td><td>73116672483<\/td><\/tr><tr><td>10<\/td><td>73003040164<\/td><\/tr><tr><td>11<\/td><td>73089201403<\/td><\/tr><tr><td>12<\/td><td>73005298191<\/td><\/tr><tr><td>13<\/td><td>73118005315<\/td><\/tr><tr><td>14<\/td><td>VINCZE KRISZTINA<\/td><\/tr><tr><td>15<\/td><td>73082728609<\/td><\/tr><tr><td>16<\/td><td>73071403445<\/td><\/tr><tr><td>17<\/td><td>73090442517<\/td><\/tr><tr><td>18<\/td><td>73020220101<\/td><\/tr><tr><td>19<\/td><td>73035644934<\/td><\/tr><tr><td>20<\/td><td>72988338710<\/td><\/tr><tr><td>21<\/td><td>73037471279<\/td><\/tr><tr><td>22<\/td><td>73071381286<\/td><\/tr><tr><td>23<\/td><td>73050431081<\/td><\/tr><tr><td>24<\/td><td>73013914120<\/td><\/tr><tr><td>25<\/td><td>72998965053<\/td><\/tr><tr><td>26<\/td><td>73062361293<\/td><\/tr><tr><td>27<\/td><td>72998286458<\/td><\/tr><tr><td>28<\/td><td>73030792139<\/td><\/tr><tr><td>29<\/td><td>73071381114<\/td><\/tr><tr><td>30<\/td><td>73001670185<\/td><\/tr><tr><td>31<\/td><td>73080769694<\/td><\/tr><tr><td>32<\/td><td>73040762124<\/td><\/tr><tr><td>33<\/td><td>73020803275<\/td><\/tr><tr><td>34<\/td><td>73321741030<\/td><\/tr><tr><td>35<\/td><td>73075250489<\/td><\/tr><tr><td>36<\/td><td>73013959964<\/td><\/tr><tr><td>37<\/td><td>72996016506<\/td><\/tr><tr><td>38<\/td><td>73357922025<\/td><\/tr><tr><td>39<\/td><td>73016785840<\/td><\/tr><tr><td>40<\/td><td>73099991171<\/td><\/tr><tr><td>41<\/td><td>73098670401<\/td><\/tr><tr><td>42<\/td><td>73026855635<\/td><\/tr><tr><td>43<\/td><td>73049849245<\/td><\/tr><tr><td>44<\/td><td>73098704519<\/td><\/tr><tr><td>45<\/td><td>73031634789<\/td><\/tr><tr><td>46<\/td><td>73049806776<\/td><\/tr><tr><td>47<\/td><td>73052931373<\/td><\/tr><tr><td>48<\/td><td>73158387367<\/td><\/tr><tr><td>49<\/td><td>73057622343<\/td><\/tr><tr><td>50<\/td><td>73104925656<\/td><\/tr><tr><td>51<\/td><td>73062896231<\/td><\/tr><tr><td>52<\/td><td>73048955154<\/td><\/tr><tr><td>53<\/td><td>73071399039<\/td><\/tr><tr><td>54<\/td><td>73057915434<\/td><\/tr><tr><td>55<\/td><td>73071406877<\/td><\/tr><\/tbody><\/table><\/figure>\n<div class=\"pvc_clear\"><\/div><p id=\"pvc_stats_40662\" class=\"pvc_stats all  \" data-element-id=\"40662\" style=\"\"><i class=\"pvc-stats-icon medium\" aria-hidden=\"true\"><svg aria-hidden=\"true\" focusable=\"false\" data-prefix=\"far\" data-icon=\"chart-bar\" role=\"img\" xmlns=\"http:\/\/www.w3.org\/2000\/svg\" viewBox=\"0 0 512 512\" class=\"svg-inline--fa fa-chart-bar fa-w-16 fa-2x\"><path fill=\"currentColor\" d=\"M396.8 352h22.4c6.4 0 12.8-6.4 12.8-12.8V108.8c0-6.4-6.4-12.8-12.8-12.8h-22.4c-6.4 0-12.8 6.4-12.8 12.8v230.4c0 6.4 6.4 12.8 12.8 12.8zm-192 0h22.4c6.4 0 12.8-6.4 12.8-12.8V140.8c0-6.4-6.4-12.8-12.8-12.8h-22.4c-6.4 0-12.8 6.4-12.8 12.8v198.4c0 6.4 6.4 12.8 12.8 12.8zm96 0h22.4c6.4 0 12.8-6.4 12.8-12.8V204.8c0-6.4-6.4-12.8-12.8-12.8h-22.4c-6.4 0-12.8 6.4-12.8 12.8v134.4c0 6.4 6.4 12.8 12.8 12.8zM496 400H48V80c0-8.84-7.16-16-16-16H16C7.16 64 0 71.16 0 80v336c0 17.67 14.33 32 32 32h464c8.84 0 16-7.16 16-16v-16c0-8.84-7.16-16-16-16zm-387.2-48h22.4c6.4 0 12.8-6.4 12.8-12.8v-70.4c0-6.4-6.4-12.8-12.8-12.8h-22.4c-6.4 0-12.8 6.4-12.8 12.8v70.4c0 6.4 6.4 12.8 12.8 12.8z\" class=\"\"><\/path><\/svg><\/i> <img loading=\"lazy\" decoding=\"async\" width=\"16\" height=\"16\" alt=\"Loading\" src=\"https:\/\/besi.hu\/wp-content\/plugins\/page-views-count\/ajax-loader-2x.gif\" border=0 \/><\/p><div class=\"pvc_clear\"><\/div>","protected":false},"excerpt":{"rendered":"<p>A tanul\u00f3k sorrendje az AJTP p\u00e1ly\u00e1zatban meghat\u00e1rozottak szerint ker\u00fclt kialak\u00edt\u00e1sra. &nbsp; Sorsz\u00e1m Oktat\u00e1si azonos\u00edt\u00f3\/Jelige 1 73018163714 2 73007910028 3 72911064323 4 73028023575 5 73109695657 6 73051440639 7 72909699709 8 73030674743 9 73116672483 10 73003040164 11 73089201403 12 73005298191 13 73118005315 14 VINCZE KRISZTINA 15 73082728609 16 73071403445 17 73090442517 18&#8230;<\/p>\n<div class=\"pvc_clear\"><\/div>\n<p id=\"pvc_stats_40662\" class=\"pvc_stats all  \" data-element-id=\"40662\" style=\"\"><i class=\"pvc-stats-icon medium\" aria-hidden=\"true\"><svg aria-hidden=\"true\" focusable=\"false\" data-prefix=\"far\" data-icon=\"chart-bar\" role=\"img\" xmlns=\"http:\/\/www.w3.org\/2000\/svg\" viewBox=\"0 0 512 512\" class=\"svg-inline--fa fa-chart-bar fa-w-16 fa-2x\"><path fill=\"currentColor\" d=\"M396.8 352h22.4c6.4 0 12.8-6.4 12.8-12.8V108.8c0-6.4-6.4-12.8-12.8-12.8h-22.4c-6.4 0-12.8 6.4-12.8 12.8v230.4c0 6.4 6.4 12.8 12.8 12.8zm-192 0h22.4c6.4 0 12.8-6.4 12.8-12.8V140.8c0-6.4-6.4-12.8-12.8-12.8h-22.4c-6.4 0-12.8 6.4-12.8 12.8v198.4c0 6.4 6.4 12.8 12.8 12.8zm96 0h22.4c6.4 0 12.8-6.4 12.8-12.8V204.8c0-6.4-6.4-12.8-12.8-12.8h-22.4c-6.4 0-12.8 6.4-12.8 12.8v134.4c0 6.4 6.4 12.8 12.8 12.8zM496 400H48V80c0-8.84-7.16-16-16-16H16C7.16 64 0 71.16 0 80v336c0 17.67 14.33 32 32 32h464c8.84 0 16-7.16 16-16v-16c0-8.84-7.16-16-16-16zm-387.2-48h22.4c6.4 0 12.8-6.4 12.8-12.8v-70.4c0-6.4-6.4-12.8-12.8-12.8h-22.4c-6.4 0-12.8 6.4-12.8 12.8v70.4c0 6.4 6.4 12.8 12.8 12.8z\" class=\"\"><\/path><\/svg><\/i> <img loading=\"lazy\" decoding=\"async\" width=\"16\" height=\"16\" alt=\"Loading\" src=\"https:\/\/besi.hu\/wp-content\/plugins\/page-views-count\/ajax-loader-2x.gif\" border=0 \/><\/p>\n<div class=\"pvc_clear\"><\/div>\n","protected":false},"author":1,"featured_media":0,"parent":0,"menu_order":0,"comment_status":"closed","ping_status":"closed","template":"","meta":{"footnotes":""},"class_list":["post-40662","page","type-page","status-publish","hentry"],"aioseo_notices":[],"a3_pvc":{"activated":true,"total_views":321,"today_views":0},"_links":{"self":[{"href":"https:\/\/besi.hu\/index.php?rest_route=\/wp\/v2\/pages\/40662","targetHints":{"allow":["GET"]}}],"collection":[{"href":"https:\/\/besi.hu\/index.php?rest_route=\/wp\/v2\/pages"}],"about":[{"href":"https:\/\/besi.hu\/index.php?rest_route=\/wp\/v2\/types\/page"}],"author":[{"embeddable":true,"href":"https:\/\/besi.hu\/index.php?rest_route=\/wp\/v2\/users\/1"}],"replies":[{"embeddable":true,"href":"https:\/\/besi.hu\/index.php?rest_route=%2Fwp%2Fv2%2Fcomments&post=40662"}],"version-history":[{"count":4,"href":"https:\/\/besi.hu\/index.php?rest_route=\/wp\/v2\/pages\/40662\/revisions"}],"predecessor-version":[{"id":40705,"href":"https:\/\/besi.hu\/index.php?rest_route=\/wp\/v2\/pages\/40662\/revisions\/40705"}],"wp:attachment":[{"href":"https:\/\/besi.hu\/index.php?rest_route=%2Fwp%2Fv2%2Fmedia&parent=40662"}],"curies":[{"name":"wp","href":"https:\/\/api.w.org\/{rel}","templated":true}]}}