{"id":936,"date":"2021-09-03T20:20:25","date_gmt":"2021-09-03T20:20:25","guid":{"rendered":"https:\/\/regi.besi.hu\/?page_id=936"},"modified":"2021-09-06T14:49:15","modified_gmt":"2021-09-06T14:49:15","slug":"igazgatok-voltak","status":"publish","type":"page","link":"https:\/\/besi.hu\/?page_id=936","title":{"rendered":"Igazgat\u00f3k voltak"},"content":{"rendered":"\n<figure class=\"wp-block-table is-style-regular\"><table class=\"has-headings-color has-sitebg-background-color has-text-color has-background\"><tbody><tr><td class=\"has-text-align-center\" data-align=\"center\"><img decoding=\"async\" src=\"https:\/\/besi.hu\/wp-content\/uploads\/2021\/09\/mayer.jpg\" alt=\"A k\u00e9phez tartoz\u00f3 alt jellemz\u0151 \u00fcres; mayer.jpg a f\u00e1jln\u00e9v\" style=\"width: 300px;\"><\/td><td class=\"has-text-align-center\" data-align=\"center\"><img decoding=\"async\" src=\"https:\/\/besi.hu\/wp-content\/uploads\/2021\/09\/csaszy.jpg\" alt=\"A k\u00e9phez tartoz\u00f3 alt jellemz\u0151 \u00fcres; csaszy.jpg a f\u00e1jln\u00e9v\" style=\"width: 300px;\"><\/td><td class=\"has-text-align-center\" data-align=\"center\"><img decoding=\"async\" src=\"https:\/\/besi.hu\/wp-content\/uploads\/2021\/09\/jankovics-retusalt.jpg\" alt=\"A k\u00e9phez tartoz\u00f3 alt jellemz\u0151 \u00fcres; jankovics-retusalt.jpg a f\u00e1jln\u00e9v\" style=\"width: 300px;\"><\/td><\/tr><tr><td class=\"has-text-align-center\" data-align=\"center\"> <strong>dr. M\u00e1yer Gy\u00f6rgy<\/strong><br>1911-1921<br> <\/td><td class=\"has-text-align-center\" data-align=\"center\"> <strong>Cs\u00e1szy L\u00e1szl\u00f3<\/strong><br>1919 <br><\/td><td class=\"has-text-align-center\" data-align=\"center\"> <strong>dr. Jankovics J\u00f3zsef<\/strong><br>1921-1922 <br><\/td><\/tr><tr><td class=\"has-text-align-center\" data-align=\"center\"><img decoding=\"async\" src=\"https:\/\/besi.hu\/wp-content\/uploads\/2021\/09\/sabjan.jpg\" alt=\"A k\u00e9phez tartoz\u00f3 alt jellemz\u0151 \u00fcres; sabjan.jpg a f\u00e1jln\u00e9v\" style=\"width: 300px;\"><\/td><td class=\"has-text-align-center\" data-align=\"center\"><img decoding=\"async\" src=\"https:\/\/besi.hu\/wp-content\/uploads\/2021\/09\/toth.jpg\" alt=\"A k\u00e9phez tartoz\u00f3 alt jellemz\u0151 \u00fcres; toth.jpg a f\u00e1jln\u00e9v\" style=\"width: 300px;\"><\/td><td class=\"has-text-align-center\" data-align=\"center\"><img decoding=\"async\" src=\"https:\/\/besi.hu\/wp-content\/uploads\/2021\/09\/szalay.jpg\" alt=\"A k\u00e9phez tartoz\u00f3 alt jellemz\u0151 \u00fcres; szalay.jpg a f\u00e1jln\u00e9v\" style=\"width: 300px;\"><\/td><\/tr><tr><td class=\"has-text-align-center\" data-align=\"center\"> <strong>Sabj\u00e1n J\u00e1nos<\/strong><br>1922-1927 <br><\/td><td class=\"has-text-align-center\" data-align=\"center\"> <strong>dr. T\u00f3th J\u00f3zsef<\/strong><br>1927-1943 <br><\/td><td class=\"has-text-align-center\" data-align=\"center\"> <strong>dr. Szalay Gy\u00f6rgy<\/strong><br>1943-1944 <br><\/td><\/tr><tr><td class=\"has-text-align-center\" data-align=\"center\"><img decoding=\"async\" src=\"https:\/\/besi.hu\/wp-content\/uploads\/2021\/09\/keresztes.jpg\" alt=\"A k\u00e9phez tartoz\u00f3 alt jellemz\u0151 \u00fcres; keresztes.jpg a f\u00e1jln\u00e9v\" style=\"width: 300px;\"><\/td><td class=\"has-text-align-center\" data-align=\"center\"><img decoding=\"async\" src=\"https:\/\/besi.hu\/wp-content\/uploads\/2021\/09\/jako.jpg\" alt=\"A k\u00e9phez tartoz\u00f3 alt jellemz\u0151 \u00fcres; jako.jpg a f\u00e1jln\u00e9v\" style=\"width: 300px;\"><\/td><td class=\"has-text-align-center\" data-align=\"center\"><img decoding=\"async\" src=\"https:\/\/besi.hu\/wp-content\/uploads\/2021\/09\/grgurics.jpg\" alt=\"A k\u00e9phez tartoz\u00f3 alt jellemz\u0151 \u00fcres; grgurics.jpg a f\u00e1jln\u00e9v\" style=\"width: 300px;\"><\/td><\/tr><tr><td class=\"has-text-align-center\" data-align=\"center\"> <strong>Keresztes P\u00e1l<\/strong><br>1944-1945 <br><\/td><td class=\"has-text-align-center\" data-align=\"center\"> <strong>Jak\u00f3 Albert<\/strong><br>1946-1948 <br><\/td><td class=\"has-text-align-center\" data-align=\"center\"><strong>Grgurics Istv\u00e1n<\/strong><br>1948-1951<br><\/td><\/tr><tr><td class=\"has-text-align-center\" data-align=\"center\"><img decoding=\"async\" src=\"https:\/\/besi.hu\/wp-content\/uploads\/2021\/09\/Takacs.jpg\" alt=\"A k\u00e9phez tartoz\u00f3 alt jellemz\u0151 \u00fcres; Takacs.jpg a f\u00e1jln\u00e9v\" style=\"width: 300px;\"><\/td><td class=\"has-text-align-center\" data-align=\"center\"><img decoding=\"async\" src=\"https:\/\/besi.hu\/wp-content\/uploads\/2021\/09\/Jancso.jpg\" alt=\"A k\u00e9phez tartoz\u00f3 alt jellemz\u0151 \u00fcres; Jancso.jpg a f\u00e1jln\u00e9v\" style=\"width: 300px;\"><\/td><td class=\"has-text-align-center\" data-align=\"center\"><img decoding=\"async\" src=\"https:\/\/besi.hu\/wp-content\/uploads\/2021\/09\/csucska.jpg\" alt=\"A k\u00e9phez tartoz\u00f3 alt jellemz\u0151 \u00fcres; csucska.jpg a f\u00e1jln\u00e9v\" style=\"width: 300px;\"><\/td><\/tr><tr><td class=\"has-text-align-center\" data-align=\"center\"> <strong>Tak\u00e1cs J\u00e1nos<\/strong><br>1952-1957 <br><\/td><td class=\"has-text-align-center\" data-align=\"center\"> <strong>Jancs\u00f3 Antal<\/strong><br>1957-1959 <br><\/td><td class=\"has-text-align-center\" data-align=\"center\"> <strong>Csucska Jen\u0151<\/strong><br>1959-1978 <br><\/td><\/tr><tr><td class=\"has-text-align-center\" data-align=\"center\"><\/td><td class=\"has-text-align-center\" data-align=\"center\"><img decoding=\"async\" src=\"https:\/\/besi.hu\/wp-content\/uploads\/2021\/09\/sarosy.jpg\" alt=\"A k\u00e9phez tartoz\u00f3 alt jellemz\u0151 \u00fcres; sarosy.jpg a f\u00e1jln\u00e9v\" style=\"width: 300px;\"><\/td><td class=\"has-text-align-center\" data-align=\"center\"><\/td><\/tr><tr><td class=\"has-text-align-center\" data-align=\"center\"><\/td><td class=\"has-text-align-center\" data-align=\"center\"> <strong>S\u00e1rosy Zolt\u00e1n<\/strong><br>1978-1993 <br><\/td><td class=\"has-text-align-center\" data-align=\"center\"><\/td><\/tr><\/tbody><\/table><\/figure>\n\n\n<div class=\"brz-root__container brz-reset-all\">\n<h2 style=\"text-align: center;\">&nbsp;<\/h2>\n<\/div>\n<p><!-- version:1630703272 --><\/p><div class=\"pvc_clear\"><\/div><p id=\"pvc_stats_936\" class=\"pvc_stats all  \" data-element-id=\"936\" style=\"\"><i class=\"pvc-stats-icon medium\" aria-hidden=\"true\"><svg aria-hidden=\"true\" focusable=\"false\" data-prefix=\"far\" data-icon=\"chart-bar\" role=\"img\" xmlns=\"http:\/\/www.w3.org\/2000\/svg\" viewBox=\"0 0 512 512\" class=\"svg-inline--fa fa-chart-bar fa-w-16 fa-2x\"><path fill=\"currentColor\" d=\"M396.8 352h22.4c6.4 0 12.8-6.4 12.8-12.8V108.8c0-6.4-6.4-12.8-12.8-12.8h-22.4c-6.4 0-12.8 6.4-12.8 12.8v230.4c0 6.4 6.4 12.8 12.8 12.8zm-192 0h22.4c6.4 0 12.8-6.4 12.8-12.8V140.8c0-6.4-6.4-12.8-12.8-12.8h-22.4c-6.4 0-12.8 6.4-12.8 12.8v198.4c0 6.4 6.4 12.8 12.8 12.8zm96 0h22.4c6.4 0 12.8-6.4 12.8-12.8V204.8c0-6.4-6.4-12.8-12.8-12.8h-22.4c-6.4 0-12.8 6.4-12.8 12.8v134.4c0 6.4 6.4 12.8 12.8 12.8zM496 400H48V80c0-8.84-7.16-16-16-16H16C7.16 64 0 71.16 0 80v336c0 17.67 14.33 32 32 32h464c8.84 0 16-7.16 16-16v-16c0-8.84-7.16-16-16-16zm-387.2-48h22.4c6.4 0 12.8-6.4 12.8-12.8v-70.4c0-6.4-6.4-12.8-12.8-12.8h-22.4c-6.4 0-12.8 6.4-12.8 12.8v70.4c0 6.4 6.4 12.8 12.8 12.8z\" class=\"\"><\/path><\/svg><\/i> <img loading=\"lazy\" decoding=\"async\" width=\"16\" height=\"16\" alt=\"Loading\" src=\"https:\/\/besi.hu\/wp-content\/plugins\/page-views-count\/ajax-loader-2x.gif\" border=0 \/><\/p><div class=\"pvc_clear\"><\/div>","protected":false},"excerpt":{"rendered":"<p>dr. M\u00e1yer Gy\u00f6rgy1911-1921 Cs\u00e1szy L\u00e1szl\u00f31919 dr. Jankovics J\u00f3zsef1921-1922 Sabj\u00e1n J\u00e1nos1922-1927 dr. T\u00f3th J\u00f3zsef1927-1943 dr. Szalay Gy\u00f6rgy1943-1944 Keresztes P\u00e1l1944-1945 Jak\u00f3 Albert1946-1948 Grgurics Istv\u00e1n1948-1951 Tak\u00e1cs J\u00e1nos1952-1957 Jancs\u00f3 Antal1957-1959 Csucska Jen\u01511959-1978 S\u00e1rosy Zolt\u00e1n1978-1993 &nbsp;<\/p>\n<div class=\"pvc_clear\"><\/div>\n<p id=\"pvc_stats_936\" class=\"pvc_stats all  \" data-element-id=\"936\" style=\"\"><i class=\"pvc-stats-icon medium\" aria-hidden=\"true\"><svg aria-hidden=\"true\" focusable=\"false\" data-prefix=\"far\" data-icon=\"chart-bar\" role=\"img\" xmlns=\"http:\/\/www.w3.org\/2000\/svg\" viewBox=\"0 0 512 512\" class=\"svg-inline--fa fa-chart-bar fa-w-16 fa-2x\"><path fill=\"currentColor\" d=\"M396.8 352h22.4c6.4 0 12.8-6.4 12.8-12.8V108.8c0-6.4-6.4-12.8-12.8-12.8h-22.4c-6.4 0-12.8 6.4-12.8 12.8v230.4c0 6.4 6.4 12.8 12.8 12.8zm-192 0h22.4c6.4 0 12.8-6.4 12.8-12.8V140.8c0-6.4-6.4-12.8-12.8-12.8h-22.4c-6.4 0-12.8 6.4-12.8 12.8v198.4c0 6.4 6.4 12.8 12.8 12.8zm96 0h22.4c6.4 0 12.8-6.4 12.8-12.8V204.8c0-6.4-6.4-12.8-12.8-12.8h-22.4c-6.4 0-12.8 6.4-12.8 12.8v134.4c0 6.4 6.4 12.8 12.8 12.8zM496 400H48V80c0-8.84-7.16-16-16-16H16C7.16 64 0 71.16 0 80v336c0 17.67 14.33 32 32 32h464c8.84 0 16-7.16 16-16v-16c0-8.84-7.16-16-16-16zm-387.2-48h22.4c6.4 0 12.8-6.4 12.8-12.8v-70.4c0-6.4-6.4-12.8-12.8-12.8h-22.4c-6.4 0-12.8 6.4-12.8 12.8v70.4c0 6.4 6.4 12.8 12.8 12.8z\" class=\"\"><\/path><\/svg><\/i> <img loading=\"lazy\" decoding=\"async\" width=\"16\" height=\"16\" alt=\"Loading\" src=\"https:\/\/besi.hu\/wp-content\/plugins\/page-views-count\/ajax-loader-2x.gif\" border=0 \/><\/p>\n<div class=\"pvc_clear\"><\/div>\n","protected":false},"author":2,"featured_media":0,"parent":0,"menu_order":0,"comment_status":"closed","ping_status":"closed","template":"brizy-blank-template.php","meta":{"footnotes":""},"class_list":["post-936","page","type-page","status-publish","hentry"],"aioseo_notices":[],"_links":{"self":[{"href":"https:\/\/besi.hu\/index.php?rest_route=\/wp\/v2\/pages\/936","targetHints":{"allow":["GET"]}}],"collection":[{"href":"https:\/\/besi.hu\/index.php?rest_route=\/wp\/v2\/pages"}],"about":[{"href":"https:\/\/besi.hu\/index.php?rest_route=\/wp\/v2\/types\/page"}],"author":[{"embeddable":true,"href":"https:\/\/besi.hu\/index.php?rest_route=\/wp\/v2\/users\/2"}],"replies":[{"embeddable":true,"href":"https:\/\/besi.hu\/index.php?rest_route=%2Fwp%2Fv2%2Fcomments&post=936"}],"version-history":[{"count":60,"href":"https:\/\/besi.hu\/index.php?rest_route=\/wp\/v2\/pages\/936\/revisions"}],"predecessor-version":[{"id":1634,"href":"https:\/\/besi.hu\/index.php?rest_route=\/wp\/v2\/pages\/936\/revisions\/1634"}],"wp:attachment":[{"href":"https:\/\/besi.hu\/index.php?rest_route=%2Fwp%2Fv2%2Fmedia&parent=936"}],"curies":[{"name":"wp","href":"https:\/\/api.w.org\/{rel}","templated":true}]}}