{"id":9493,"date":"2025-03-20T12:42:44","date_gmt":"2025-03-20T11:42:44","guid":{"rendered":"https:\/\/besi.hu\/?page_id=9493"},"modified":"2025-03-27T10:56:28","modified_gmt":"2025-03-27T09:56:28","slug":"0006-emelt-szintu-termeszettudomanyos-2025-teljes","status":"publish","type":"page","link":"https:\/\/besi.hu\/?page_id=9493","title":{"rendered":"0006 &#8211; Emelt szint\u0171 term\u00e9szettudom\u00e1nyos 2025 Teljes"},"content":{"rendered":"<table width=\"182\">\n<tbody>\n<tr>\n<td width=\"64\">Sorsz\u00e1m<\/td>\n<td width=\"118\">Oktat\u00e1si azonos\u00edt\u00f3<\/td>\n<\/tr>\n<tr>\n<td>1<\/td>\n<td>72919483318<\/td>\n<\/tr>\n<tr>\n<td>2<\/td>\n<td>72933466184<\/td>\n<\/tr>\n<tr>\n<td>3<\/td>\n<td>73049796802<\/td>\n<\/tr>\n<tr>\n<td>4<\/td>\n<td>72952101533<\/td>\n<\/tr>\n<tr>\n<td>5<\/td>\n<td>72914075400<\/td>\n<\/tr>\n<tr>\n<td>6<\/td>\n<td>72875289385<\/td>\n<\/tr>\n<tr>\n<td>7<\/td>\n<td>72910811196<\/td>\n<\/tr>\n<tr>\n<td>8<\/td>\n<td>73002432301<\/td>\n<\/tr>\n<tr>\n<td>9<\/td>\n<td>72906567199<\/td>\n<\/tr>\n<tr>\n<td>10<\/td>\n<td>72910813889<\/td>\n<\/tr>\n<tr>\n<td>11<\/td>\n<td>73047915397<\/td>\n<\/tr>\n<tr>\n<td>12<\/td>\n<td>72918839685<\/td>\n<\/tr>\n<tr>\n<td>13<\/td>\n<td>72907812217<\/td>\n<\/tr>\n<tr>\n<td>14<\/td>\n<td>72933503715<\/td>\n<\/tr>\n<tr>\n<td>15<\/td>\n<td>72933268526<\/td>\n<\/tr>\n<tr>\n<td>16<\/td>\n<td>72939478511<\/td>\n<\/tr>\n<tr>\n<td>17<\/td>\n<td>72959007927<\/td>\n<\/tr>\n<tr>\n<td>18<\/td>\n<td>72996057957<\/td>\n<\/tr>\n<tr>\n<td>19<\/td>\n<td>72948266297<\/td>\n<\/tr>\n<tr>\n<td>20<\/td>\n<td>72933240104<\/td>\n<\/tr>\n<tr>\n<td>21<\/td>\n<td>73255324867<\/td>\n<\/tr>\n<tr>\n<td>22<\/td>\n<td>72914181664<\/td>\n<\/tr>\n<tr>\n<td>23<\/td>\n<td>72933581533<\/td>\n<\/tr>\n<tr>\n<td>24<\/td>\n<td>72825526543<\/td>\n<\/tr>\n<tr>\n<td>25<\/td>\n<td>73049743783<\/td>\n<\/tr>\n<tr>\n<td>26<\/td>\n<td>72907822714<\/td>\n<\/tr>\n<tr>\n<td>27<\/td>\n<td>72903682212<\/td>\n<\/tr>\n<tr>\n<td>28<\/td>\n<td>72870306189<\/td>\n<\/tr>\n<tr>\n<td>29<\/td>\n<td>72949001456<\/td>\n<\/tr>\n<tr>\n<td>30<\/td>\n<td>72907377125<\/td>\n<\/tr>\n<tr>\n<td>31<\/td>\n<td>73110375570<\/td>\n<\/tr>\n<tr>\n<td>32<\/td>\n<td>73021044528<\/td>\n<\/tr>\n<tr>\n<td>33<\/td>\n<td>72935060517<\/td>\n<\/tr>\n<tr>\n<td>34<\/td>\n<td>72884699462<\/td>\n<\/tr>\n<tr>\n<td>35<\/td>\n<td>72684935125<\/td>\n<\/tr>\n<tr>\n<td>36<\/td>\n<td>72933508177<\/td>\n<\/tr>\n<tr>\n<td>37<\/td>\n<td>72932064675<\/td>\n<\/tr>\n<tr>\n<td>38<\/td>\n<td>72875291605<\/td>\n<\/tr>\n<tr>\n<td>39<\/td>\n<td>72884747229<\/td>\n<\/tr>\n<tr>\n<td>40<\/td>\n<td>73018780478<\/td>\n<\/tr>\n<tr>\n<td>41<\/td>\n<td>72922732774<\/td>\n<\/tr>\n<tr>\n<td>42<\/td>\n<td>72933515073<\/td>\n<\/tr>\n<tr>\n<td>43<\/td>\n<td>72913770711<\/td>\n<\/tr>\n<tr>\n<td>44<\/td>\n<td>72883495842<\/td>\n<\/tr>\n<tr>\n<td>45<\/td>\n<td>73007340650<\/td>\n<\/tr>\n<tr>\n<td>46<\/td>\n<td>72885175234<\/td>\n<\/tr>\n<tr>\n<td>47<\/td>\n<td>72914364628<\/td>\n<\/tr>\n<tr>\n<td>48<\/td>\n<td>72918981450<\/td>\n<\/tr>\n<tr>\n<td>49<\/td>\n<td>73034461466<\/td>\n<\/tr>\n<tr>\n<td>50<\/td>\n<td>72937936707<\/td>\n<\/tr>\n<tr>\n<td>51<\/td>\n<td>73510000681<\/td>\n<\/tr>\n<tr>\n<td>52<\/td>\n<td>72918686530<\/td>\n<\/tr>\n<tr>\n<td>53<\/td>\n<td>73028875717<\/td>\n<\/tr>\n<tr>\n<td>54<\/td>\n<td>72882782416<\/td>\n<\/tr>\n<tr>\n<td>55<\/td>\n<td>72940029474<\/td>\n<\/tr>\n<tr>\n<td>56<\/td>\n<td>72958911100<\/td>\n<\/tr>\n<tr>\n<td>57<\/td>\n<td>72870300962<\/td>\n<\/tr>\n<tr>\n<td>58<\/td>\n<td>72937824110<\/td>\n<\/tr>\n<tr>\n<td>59<\/td>\n<td>72893639632<\/td>\n<\/tr>\n<tr>\n<td>60<\/td>\n<td>73034446924<\/td>\n<\/tr>\n<tr>\n<td>61<\/td>\n<td>72949761425<\/td>\n<\/tr>\n<tr>\n<td>62<\/td>\n<td>72961318568<\/td>\n<\/tr>\n<tr>\n<td>63<\/td>\n<td>73048971167<\/td>\n<\/tr>\n<tr>\n<td>64<\/td>\n<td>72870448380<\/td>\n<\/tr>\n<tr>\n<td>65<\/td>\n<td>72983110313<\/td>\n<\/tr>\n<tr>\n<td>66<\/td>\n<td>72906584707<\/td>\n<\/tr>\n<tr>\n<td>67<\/td>\n<td>72913933165<\/td>\n<\/tr>\n<tr>\n<td>68<\/td>\n<td>72870308076<\/td>\n<\/tr>\n<tr>\n<td>69<\/td>\n<td>72746704994<\/td>\n<\/tr>\n<tr>\n<td>70<\/td>\n<td>72943364295<\/td>\n<\/tr>\n<tr>\n<td>71<\/td>\n<td>72888912358<\/td>\n<\/tr>\n<tr>\n<td>72<\/td>\n<td>73029205062<\/td>\n<\/tr>\n<tr>\n<td>73<\/td>\n<td>72960553939<\/td>\n<\/tr>\n<tr>\n<td>74<\/td>\n<td>72898388384<\/td>\n<\/tr>\n<tr>\n<td>75<\/td>\n<td>73102959717<\/td>\n<\/tr>\n<tr>\n<td>76<\/td>\n<td>72773748252<\/td>\n<\/tr>\n<tr>\n<td>77<\/td>\n<td>72715696251<\/td>\n<\/tr>\n<tr>\n<td>78<\/td>\n<td>72888660161<\/td>\n<\/tr>\n<\/tbody>\n<\/table>\n<div class=\"pvc_clear\"><\/div>\n<p id=\"pvc_stats_9493\" class=\"pvc_stats all  \" data-element-id=\"9493\" style=\"\"><i class=\"pvc-stats-icon medium\" aria-hidden=\"true\"><svg aria-hidden=\"true\" focusable=\"false\" data-prefix=\"far\" data-icon=\"chart-bar\" role=\"img\" xmlns=\"http:\/\/www.w3.org\/2000\/svg\" viewBox=\"0 0 512 512\" class=\"svg-inline--fa fa-chart-bar fa-w-16 fa-2x\"><path fill=\"currentColor\" d=\"M396.8 352h22.4c6.4 0 12.8-6.4 12.8-12.8V108.8c0-6.4-6.4-12.8-12.8-12.8h-22.4c-6.4 0-12.8 6.4-12.8 12.8v230.4c0 6.4 6.4 12.8 12.8 12.8zm-192 0h22.4c6.4 0 12.8-6.4 12.8-12.8V140.8c0-6.4-6.4-12.8-12.8-12.8h-22.4c-6.4 0-12.8 6.4-12.8 12.8v198.4c0 6.4 6.4 12.8 12.8 12.8zm96 0h22.4c6.4 0 12.8-6.4 12.8-12.8V204.8c0-6.4-6.4-12.8-12.8-12.8h-22.4c-6.4 0-12.8 6.4-12.8 12.8v134.4c0 6.4 6.4 12.8 12.8 12.8zM496 400H48V80c0-8.84-7.16-16-16-16H16C7.16 64 0 71.16 0 80v336c0 17.67 14.33 32 32 32h464c8.84 0 16-7.16 16-16v-16c0-8.84-7.16-16-16-16zm-387.2-48h22.4c6.4 0 12.8-6.4 12.8-12.8v-70.4c0-6.4-6.4-12.8-12.8-12.8h-22.4c-6.4 0-12.8 6.4-12.8 12.8v70.4c0 6.4 6.4 12.8 12.8 12.8z\" class=\"\"><\/path><\/svg><\/i> <img loading=\"lazy\" decoding=\"async\" width=\"16\" height=\"16\" alt=\"Loading\" src=\"https:\/\/besi.hu\/wp-content\/plugins\/page-views-count\/ajax-loader-2x.gif\" border=0 \/><\/p>\n<div class=\"pvc_clear\"><\/div>\n","protected":false},"excerpt":{"rendered":"<p>Sorsz\u00e1m Oktat\u00e1si azonos\u00edt\u00f3 1 72919483318 2 72933466184 3 73049796802 4 72952101533 5 72914075400 6 72875289385 7 72910811196 8 73002432301 9 72906567199 10 72910813889 11 73047915397 12 72918839685 13 72907812217 14 72933503715 15 72933268526 16 72939478511 17 72959007927 18 72996057957 19 72948266297 20 72933240104 21 73255324867 22 72914181664 23 72933581533 24&#8230;<\/p>\n<div class=\"pvc_clear\"><\/div>\n<p id=\"pvc_stats_9493\" class=\"pvc_stats all  \" data-element-id=\"9493\" style=\"\"><i class=\"pvc-stats-icon medium\" aria-hidden=\"true\"><svg aria-hidden=\"true\" focusable=\"false\" data-prefix=\"far\" data-icon=\"chart-bar\" role=\"img\" xmlns=\"http:\/\/www.w3.org\/2000\/svg\" viewBox=\"0 0 512 512\" class=\"svg-inline--fa fa-chart-bar fa-w-16 fa-2x\"><path fill=\"currentColor\" d=\"M396.8 352h22.4c6.4 0 12.8-6.4 12.8-12.8V108.8c0-6.4-6.4-12.8-12.8-12.8h-22.4c-6.4 0-12.8 6.4-12.8 12.8v230.4c0 6.4 6.4 12.8 12.8 12.8zm-192 0h22.4c6.4 0 12.8-6.4 12.8-12.8V140.8c0-6.4-6.4-12.8-12.8-12.8h-22.4c-6.4 0-12.8 6.4-12.8 12.8v198.4c0 6.4 6.4 12.8 12.8 12.8zm96 0h22.4c6.4 0 12.8-6.4 12.8-12.8V204.8c0-6.4-6.4-12.8-12.8-12.8h-22.4c-6.4 0-12.8 6.4-12.8 12.8v134.4c0 6.4 6.4 12.8 12.8 12.8zM496 400H48V80c0-8.84-7.16-16-16-16H16C7.16 64 0 71.16 0 80v336c0 17.67 14.33 32 32 32h464c8.84 0 16-7.16 16-16v-16c0-8.84-7.16-16-16-16zm-387.2-48h22.4c6.4 0 12.8-6.4 12.8-12.8v-70.4c0-6.4-6.4-12.8-12.8-12.8h-22.4c-6.4 0-12.8 6.4-12.8 12.8v70.4c0 6.4 6.4 12.8 12.8 12.8z\" class=\"\"><\/path><\/svg><\/i> <img loading=\"lazy\" decoding=\"async\" width=\"16\" height=\"16\" alt=\"Loading\" src=\"https:\/\/besi.hu\/wp-content\/plugins\/page-views-count\/ajax-loader-2x.gif\" border=0 \/><\/p>\n<div class=\"pvc_clear\"><\/div>\n","protected":false},"author":1,"featured_media":0,"parent":0,"menu_order":0,"comment_status":"closed","ping_status":"closed","template":"","meta":{"footnotes":""},"class_list":["post-9493","page","type-page","status-publish","hentry"],"aioseo_notices":[],"_links":{"self":[{"href":"https:\/\/besi.hu\/index.php?rest_route=\/wp\/v2\/pages\/9493","targetHints":{"allow":["GET"]}}],"collection":[{"href":"https:\/\/besi.hu\/index.php?rest_route=\/wp\/v2\/pages"}],"about":[{"href":"https:\/\/besi.hu\/index.php?rest_route=\/wp\/v2\/types\/page"}],"author":[{"embeddable":true,"href":"https:\/\/besi.hu\/index.php?rest_route=\/wp\/v2\/users\/1"}],"replies":[{"embeddable":true,"href":"https:\/\/besi.hu\/index.php?rest_route=%2Fwp%2Fv2%2Fcomments&post=9493"}],"version-history":[{"count":2,"href":"https:\/\/besi.hu\/index.php?rest_route=\/wp\/v2\/pages\/9493\/revisions"}],"predecessor-version":[{"id":15698,"href":"https:\/\/besi.hu\/index.php?rest_route=\/wp\/v2\/pages\/9493\/revisions\/15698"}],"wp:attachment":[{"href":"https:\/\/besi.hu\/index.php?rest_route=%2Fwp%2Fv2%2Fmedia&parent=9493"}],"curies":[{"name":"wp","href":"https:\/\/api.w.org\/{rel}","templated":true}]}}